ions digit of 142342210?
1
What is the tens digit of 20503412?
1
What is the ten thousands digit of 12678973?
7
What is the thousands digit of 84429832?
9
What is the hundreds digit of 133673811?
8
What is the billions digit of 3824069527?
3
What is the hundreds digit of 49872807?
8
What is the millions digit of 7115125?
7
What is the tens digit of 58844189?
8
What is the millions digit of 2555442181?
5
What is the units digit of 28571425?
5
What is the millions digit of 129000379?
9
What is the hundreds digit of 2806762416?
4
What is the millions digit of 4365556?
4
What is the units digit of 3015930630?
0
What is the ten thousands digit of 62397172?
9
What is the ten thousands digit of 809270885?
7
What is the tens digit of 46497661?
6
What is the ten millions digit of 38175701?
3
What is the tens digit of 56142657?
5
What is the hundred thousands digit of 114851449?
8
What is the tens digit of 2706959?
5
What is the thousands digit of 425716453?
6
What is the ten millions digit of 64234562?
6
What is the ten millions digit of 59698021?
5
What is the hundred millions digit of 964891851?
9
What is the tens digit of 8364820?
2
What is the ten thousands digit of 116708070?
0
What is the thousands digit of 444041452?
1
What is the ten thousands digit of 30230273?
3
What is the ten millions digit of 1835872983?
3
What is the units digit of 435073505?
5
What is the tens digit of 3611307784?
8
What is the hundred thousands digit of 646235886?
2
What is the tens digit of 43166882?
8
What is the hundred thousands digit of 1866130276?
1
What is the units digit of 1222282469?
9
What is the millions digit of 21853123?
1
What is the ten thousands digit of 27173901?
7
What is the millions digit of 294035056?
4
What is the thousands digit of 835994270?
4
What is the units digit of 231404196?
6
What is the hundred millions digit of 103403526?
1
What is the thousands digit of 714676352?
6
What is the hundred thousands digit of 1308522657?
5
What is the hundred millions digit of 1036161574?
0
What is the ten thousands digit of 91853031?
5
What is the hundred millions digit of 510840028?
5
What is the hundred thousands digit of 1256017730?
0
What is the millions digit of 49420324?
9
What is the ten thousands digit of 1333563422?
6
What is the ten thousands digit of 2411879840?
7
What is the millions digit of 200486591?
0
What is the ten thousands digit of 82991895?
9
What is the ten thousands digit of 660360562?
6
What is the hundred millions digit of 9667184582?
6
What is the hundred thousands digit of 52178387?
1
What is the thousands digit of 6297296273?
6
What is the billions digit of 2513786004?
2
What is the hundred thousands digit of 1314517901?
5
What is the ten millions digit of 462958247?
6
What is the hundreds digit of 122197835?
8
What is the tens digit of 951856916?
1
What is the tens digit of 163931600?
0
What is the hundreds digit of 4061855105?
1
What is the tens digit of 8610079623?
2
What is the ten millions digit of 42368805?
4
What is the ten millions digit of 3867885007?
6
What is the hundreds digit of 263062343?
3
What is the thousands digit of 243396438?
6
What is the ten millions digit of 1048910590?
4
What is the ten thousands digit of 5475365965?
6
What is the ten thousands digit of 840560955?
6
What is the hundred thousands digit of 32155186?
1
What is the thousands digit of 420301964?
1
What is the billions digit of 4083670520?
4
What is the hundred millions digit of 1494452298?
4
What is the tens digit of 150692855?
5
What is the ten thousands digit of 486884820?
8
What is the tens digit of 77055770?
7
What is the hundred thousands digit of 316142797?
1
What is the thousands digit of 1103232402?
2
What is the units digit of 43271613?
3
What is the millions digit of 80986670?
0
What is the ten millions digit of 2594873842?
9
What is the units digit of 30145887?
7
What is the millions digit of 96264226?
6
What is the hundreds digit of 458664937?
9
What is the tens digit of 8938987?
8
What is the tens digit of 43094445?
4
What is the ten millions digit of 59018131?
5
What is the millions digit of 831436995?
1
What is the hundred millions digit of 1625854865?
6
What is the hundred thousands digit of 5753764?
7
What is the tens digit of 29105352?
5
What is the ten thousands digit of 34398312?
9
What is the hundred millions digit of 3183163606?
1
What is the hundred thousands digit of 93045586?
0
What is the tens digit of 2138042940?
4
What is the millions digit of 774030455?
4
What is the hundred millions digit of 798867456?
7
What is the hundreds digit of 36960868?
8
What is the ten thousands digit of 127410096?
1
What is the hundreds digit of 84062995?
9
What is the hundred thousands digit of 2026075962?
0
What is the hundreds digit of 41265648?
6
What is the ten thousands digit of 219696257?
9
What is the hundreds digit of 1455863192?
1
What is the ten thousands digit of 1083415348?
1
What is the hundred thousands digit of 161298755?
2
What is the tens digit of 467620669?
6
What is the hundreds digit of 65252994?
9
What is the thousands digit of 52866387?
6
What is the tens digit of 140600239?
3
What is the ten thousands digit of 604061601?
6
What is the thousands digit of 36718?
6
What is the tens digit of 8389542?
4
What is the tens digit of 12107608?
0
What is the hundred thousands digit of 39825575?
8
What is the hundred thousands digit of 131738640?
7
What is the millions digit of 83198644?
3
What is the millions digit of 24342355?
4
What is the ten thousands digit of 633675633?
7
What is the billions digit of 1033026187?
1
What is the hundred thousands digit of 70895738?
8
What is the ten millions digit of 55717975?
5
What is the thousands digit of 97431289?
1
What is the ten millions digit of 193031843?
9
What is the hundred thousands digit of 55770856?
7
What is the tens digit of 281829662?
6
What is the hundred thousands digit of 162771722?
7
What is the ten millions digit of 80662154?
8
What is the thousands digit of 687296230?
6
What is the ten thousands digit of 644513870?
1
What is the ten thousands digit of 25628845?
2
What is the hundreds digit of 1703131?
1
What is the tens digit of 192746301?
0
What is the thousands digit of 3981905610?
5
What is the billions digit of 1551021188?
1
What is the ten millions digit of 2523892202?
2
What is the units digit of 1224313914?
4
What is the hundred thousands digit of 916853477?
8
What is the hundred millions digit of 928488038?
9
What is the hundreds digit of 3250532314?
3
What is the millions digit of 86686407?
6
What is the ten thousands digit of 1357201681?
0
What is the hundred millions digit of 412042209?
4
What is the units digit of 719394409?
9
What is the hundreds digit of 1603070074?
0
What is the thousands digit of 842291414?
1
What is the hundred thousands digit of 42510605?
5
What is the millions digit of 1999554330?
9
What is the hundred thousands digit of 61429440?
4
What is the millions digit of 35639640?
5
What is the thousands digit of 1444370621?
0
What is the millions digit of 53422668?
3
What is the units digit of 6791121?
1
What is the tens digit of 138726331?
3
What is the tens digit of 71132247?
4
What is the ten millions digit of 1125047532?
2
What is the hundreds digit of 1421256197?
1
What is the units digit of 124757553?
3
What is the hundred millions digit of 2365586056?
3
What is the hundred thousands digit of 3078165473?
1
What is the ten millions digit of 184296916?
8
What is the thousands digit of 167342989?
2
What is the tens digit of 162579405?
0
What is the billions digit of 1313067767?
1
What is the hundreds digit of 623042526?
5
What is the units digit of 783138193?
3
What is the hundreds digit of 675666269?
2
What is the hundreds digit of 72056573?
5
What is the thousands digit of 8578847?
8
What is the hundreds digit of 275277044?
0
What is the ten thousands digit of 6579215456?
1
What is the millions digit of 25015595?
5
What is the millions digit of 36248887?
6
What is the hundred thousands digit of 506928512?
9
What is the hundreds digit of 60105898?
8
What is the billions digit of 5642023612?
5
What is the units digit of 53159612?
2
What is the thousands digit of 77354210?
4
What is the hundreds digit of 106503077?
0
What is the 